ctors of 6365873240.
2, 5, 19, 8376149
List the prime factors of 7096960772.
2, 11, 161294563
List the prime factors of 45049311.
3, 53, 31481
What are the prime factors of 96772965?
3, 5, 53, 121727
What are the prime factors of 155472861?
3, 41, 83, 97, 157
List the prime factors of 51635202.
2, 3, 37, 232591
What are the prime factors of 1022370172?
2, 59, 103, 137, 307
What are the prime factors of 192366594?
2, 3, 7, 17, 31, 2897
List the prime factors of 99762722.
2, 5399, 9239
List the prime factors of 15096765.
3, 5, 17, 73, 811
List the prime factors of 2698376331.
3, 7, 128494111
What are the prime factors of 418717249?
8287, 50527
What are the prime factors of 7307405?
5, 7, 281, 743
What are the prime factors of 55174730?
2, 5, 13, 31, 13691
List the prime factors of 231257495.
5, 7, 107, 61751
List the prime factors of 289984095.
3, 5, 2351, 2741
List the prime factors of 190341964.
2, 29, 1640879
What are the prime factors of 824221465?
5, 73, 353, 6397
List the prime factors of 4796024.
2, 577, 1039
List the prime factors of 4107521813.
79, 167, 311341
List the prime factors of 48870834.
2, 3, 8145139
What are the prime factors of 587963084?
2, 59, 2491369
List the prime factors of 90010661.
13, 23, 301039
List the prime factors of 327296456.
2, 271, 150967
List the prime factors of 2512082875.
5, 20096663
What are the prime factors of 597757438?
2, 31, 59, 163411
List the prime factors of 118159811.
7, 11, 193, 7951
List the prime factors of 68161503.
3, 22720501
What are the prime factors of 3156623781?
3, 353, 2980759
What are the prime factors of 1671114969?
3, 401, 51449
List the prime factors of 24620228.
2, 59, 104323
List the prime factors of 854577599.
854577599
What are the prime factors of 303602920?
2, 5, 7590073
What are the prime factors of 9383503?
43, 47, 4643
What are the prime factors of 828855480?
2, 3, 5, 137, 50417
What are the prime factors of 53691413?
2909, 18457
List the prime factors of 112667283.
3, 19, 658873
What are the prime factors of 44120554?
2, 59, 373903
List the prime factors of 7156726774.
2, 31, 2113, 54629
What are the prime factors of 91941216?
2, 3, 957721
List the prime factors of 2582167137.
3, 11, 37, 2114797
What are the prime factors of 237923756?
2, 7, 233, 36469
What are the prime factors of 109402406?
2, 43, 317, 4013
What are the prime factors of 93409767?
3, 11, 41, 2557
List the prime factors of 19644188.
2, 37, 331, 401
List the prime factors of 508688661.
3, 13, 47, 97, 2861
List the prime factors of 72473524.
2, 19, 73, 13063
What are the prime factors of 1366939251?
3, 151882139
What are the prime factors of 4628379055?
5, 181, 1301, 3931
List the prime factors of 2645193162.
2, 3, 3109, 141803
List the prime factors of 43361897.
53, 271, 3019
What are the prime factors of 559786509?
3, 5711, 10891
List the prime factors of 177998010.
2, 3, 5, 1289, 4603
List the prime factors of 30045959.
109, 275651
List the prime factors of 2448576433.
173, 307, 46103
What are the prime factors of 764777372?
2, 191194343
List the prime factors of 49502285.
5, 7, 163, 8677
List the prime factors of 962121583.
487, 1975609
What are the prime factors of 139398583?
83, 1679501
What are the prime factors of 94564474?
2, 71, 665947
What are the prime factors of 53848793?
19, 47, 1283
List the prime factors of 5236696.
2, 654587
What are the prime factors of 162838485?
3, 5, 107, 11273
What are the prime factors of 1175392388?
2, 29, 193, 52501
What are the prime factors of 84557289?
3, 199, 141637
What are the prime factors of 8115006?
2, 3, 239, 5659
List the prime factors of 24176341.
7, 19, 181777
What are the prime factors of 86258333?
7, 73, 168803
List the prime factors of 733648518.
2, 3, 40758251
What are the prime factors of 8185317054?
2, 3, 47, 29025947
List the prime factors of 1275779121.
3, 425259707
List the prime factors of 2459169139.
7, 67, 263, 19937
List the prime factors of 3431874561.
3, 31, 911, 40507
List the prime factors of 801788556.
2, 3, 23, 2905031
List the prime factors of 4095196.
2, 7, 23, 6359
What are the prime factors of 126069403?
293, 587, 733
What are the prime factors of 181213441?
181213441
List the prime factors of 208435504.
2, 17, 37, 139, 149
What are the prime factors of 1569872569?
571, 2749339
What are the prime factors of 291220189?
13, 379, 59107
List the prime factors of 617065448.
2, 77133181
List the prime factors of 53041002.
2, 3, 7, 1262881
What are the prime factors of 152768544?
2, 3, 1591339
What are the prime factors of 624964443?
3, 208321481
List the prime factors of 12081803.
577, 20939
What are the prime factors of 21851353?
43, 508171
List the prime factors of 1483165571.
1483165571
What are the prime factors of 2458822698?
2, 3, 136601261
What are the prime factors of 1018486216?
2, 11, 2857, 4051
List the prime factors of 268069914.
2, 3, 7, 83, 25633
List the prime factors of 49652822.
2, 263, 94397
List the prime factors of 188771836.
2, 11, 4290269
What are the prime factors of 190091622?
2, 3, 7, 4525991
What are the prime factors of 107981676?
2, 3, 11, 367, 743
List the prime factors of 17905961.
19, 193, 257
What are the prime factors of 5843413729?
19, 307548091
What are the prime factors of 7601335282?
2, 19, 200035139
What are the prime factors of 3773592260?
2, 5, 37, 1999, 2551
What are the prime factors of 1577209904?
2, 71, 719, 1931
What are the prime factors of 2196930318?
2, 3, 11, 881, 37783
List the prime factors of 27647760.
2, 3, 5, 7, 2351
List the prime factors of 184173971.
17, 10833763
What are the prime factors of 280044798?
2, 3, 11, 59, 71917
List the prime factors of 946708229.
353, 2681893
List the prime factors of 136565413.
3209, 42557
What are the prime factors of 699120434?
2, 349560217
List the prime factors of 1351691550.
2, 3, 5, 11, 30341
What are the prime factors of 844159531?
17, 19, 43, 60779
What are the prime factors of 41259038?
2, 41, 503159
List the prime factors of 12132525.
3, 5, 83, 1949
List the prime factors of 524478536.
2, 65559817
List the prime factors of 132373071.
3, 14708119
List the prime factors of 3919736.
2, 181, 2707
List the prime factors of 1361415338.
2, 680707669
What are the prime factors of 407941001?
13, 19, 421, 3923
List the prime factors of 416825993.
61, 1097, 6229
What are the prime factors of 260853004?
2, 65213251
What are the prime factors of 1137207380?
2, 5, 19, 2992651
List the prime factors of 10885388.
2, 47, 57901
List the prime factors of 1047285495.
3, 5, 23273011
List the prime factors of 19927720.
2, 5, 131, 3803
What are the prime factors of 26936303?
31, 41, 21193
What are the prime factors of 473626543?
13, 36432811
List the prime factors of 1050641208.
2, 3, 17, 599, 1433
What are the prime factors of 148105303?
23, 1231, 5231
List the prime factors of 322096151.
13, 19, 1304033
List the prime factors of 339900084.
2, 3, 3147223
What are the prime factors of 243721574?
2, 263, 563, 823
What are the prime factors of 454183968?
2, 3, 7, 17, 83, 479
List the prime factors of 112804907.
112804907
What are the prime factors of 2888236?
2, 13, 67, 829
What are the prime factors of 4613892293?
17, 157, 1728697
List the prime factors of 1082673167.
67, 491, 32911
What are the prime factors of 6601826696?
2, 825228337
List the prime factors of 657506957.
23, 1063, 26893
List the prime factors of 183391213.
23, 1409, 5659
What are the prime factors of 322221324?
2, 3, 4271, 6287
What are the prime factors of 614958688?
2, 29, 662671
What are the prime factors of 85229198?
2, 42614599
What are the prime factors of 29835934?
2, 14917967
What are the prime factors of 2868244460?
2, 5, 53, 73, 101, 367
List the prime factors of 1214376434.
2, 607188217
List the prime factors of 58751188.
2, 293, 50129
List the prime factors of 28529842.
2, 11, 17, 76283
What are the prime factors of 959863156?
2, 7, 109, 179, 251
List the prime factors of 20925131.
97, 215723
What are the prime factors of 1384749051?
3, 7, 19, 79, 197, 223
List the prime factors of 535994738.
2, 267997369
List the prime factors of 581701338.
2, 3, 823, 4363
List the prime factors of 56158409.
3191, 17599
List the prime factors of 2095866848.
2, 31, 1093, 1933
List the prime fac